{"id":509,"date":"2020-10-25T12:55:58","date_gmt":"2020-10-25T12:55:58","guid":{"rendered":"http:\/\/gfxpartner.com\/slope\/?page_id=509"},"modified":"2025-06-05T18:12:48","modified_gmt":"2025-06-05T15:12:48","slug":"isler","status":"publish","type":"page","link":"https:\/\/modernbranding.net\/?page_id=509","title":{"rendered":"\u0130\u015fler"},"content":{"rendered":"\t\t<div data-elementor-type=\"wp-page\" data-elementor-id=\"509\" class=\"elementor elementor-509\">\n\t\t\t\t<div class=\"elementor-element elementor-element-a319c78 e-flex e-con-boxed e-con e-parent\" data-id=\"a319c78\" data-element_type=\"container\">\n\t\t\t\t\t<div class=\"e-con-inner\">\n\t\t<div class=\"elementor-element elementor-element-70a21b6 e-con-full e-flex e-con e-child\" data-id=\"70a21b6\" data-element_type=\"container\">\n\t\t\t\t<div class=\"elementor-element elementor-element-630ec7a elementor-widget elementor-widget-heading_slope\" data-id=\"630ec7a\" data-element_type=\"widget\" data-widget_type=\"heading_slope.default\">\n\t\t\t\t<div class=\"elementor-widget-container\">\n\t\t\t\t\t    <div class=\"heading large dark-1 \">\r\n      <h3>Markalad\u0131klar\u0131m\u0131z<\/h3>    <\/div>\r\n    \t\t\t\t<\/div>\n\t\t\t\t<\/div>\n\t\t\t\t<\/div>\n\t\t<div class=\"elementor-element elementor-element-46e47f2 e-con-full e-flex e-con e-child\" data-id=\"46e47f2\" data-element_type=\"container\">\n\t\t\t\t<div class=\"elementor-element elementor-element-ca58ab8 elementor-widget elementor-widget-paragraph_slope\" data-id=\"ca58ab8\" data-element_type=\"widget\" data-widget_type=\"paragraph_slope.default\">\n\t\t\t\t<div class=\"elementor-widget-container\">\n\t\t\t\t\t        <div class=\"paragraph dark-1\">\r\n          <p>\u00d6ncelikle sizi dinliyoruz. Rekabet \u00e7er\u00e7evesini do\u011fru belirlemek i\u00e7in sizi, rakiplerinizi ve hedef kitlenizi iyi anlamal\u0131y\u0131z. Burada kritik olan hem sizin fikirleriniz hem de taze ve do\u011fru se\u00e7ilmi\u015f, do\u011fru yap\u0131lm\u0131\u015f ara\u015ft\u0131rmalar.<\/p>        <\/div>\r\n    \t\t\t\t<\/div>\n\t\t\t\t<\/div>\n\t\t\t\t<\/div>\n\t\t\t\t\t<\/div>\n\t\t\t\t<\/div>\n\t\t\t\t<div class=\"elementor-section elementor-top-section elementor-element elementor-element-63a9e15 elementor-section-full_width elementor-section-height-default elementor-section-height-default\" data-id=\"63a9e15\" data-element_type=\"section\">\n\t\t\t\t\t\t<div class=\"elementor-container elementor-column-gap-no\">\n\t\t\t\t\t<div class=\"elementor-column elementor-col-100 elementor-top-column elementor-element elementor-element-c7b5eb7\" data-id=\"c7b5eb7\" data-element_type=\"column\">\n\t\t\t<div class=\"elementor-widget-wrap elementor-element-populated\">\n\t\t\t\t\t\t<div class=\"elementor-element elementor-element-73d255a elementor-widget elementor-widget-projects_slope\" data-id=\"73d255a\" data-element_type=\"widget\" data-widget_type=\"projects_slope.default\">\n\t\t\t\t<div class=\"elementor-widget-container\">\n\t\t\t\t\t    <div \r\n    class=\"project-list project-list-73d255a project-list-1\"\r\n    data-max=\"4\"\r\n    >\r\n      <a href=\"https:\/\/modernbranding.net\/?project=sleep-therapy-product-2-3\" class=\"project-list-single--wrapper\">\n  <div class=\"project-list-single\">\n      <div class=\"project-list-single--content\">\n          <div class=\"project-list-single--content-inner\">\n                              <div class=\"project-single-service project-single-service-1\">\n              <h3>YEN\u0130DEN MARKALAMA<\/h3>\n          <\/div>\n                    <h2>Birlikte her yemek, hayat\u0131 kutlamakt\u0131r. G\u00fcn\u00fcn her saatinde, taze ve lezzetli yemeklerle hayat\u0131 birlikte kutlayal\u0131m.<\/h2>\n                              <div class=\"project-single-service project-single-service-2 project-single-client\">\n              <h3>\n                            Markalama              <span>\u2014<\/span>\n                                            Murat Muhallebi                            <\/h3>\n          <\/div>\n                    <div class=\"project-single-button\">\n            <div class=\"project-single-button--inner\">\n              <i class=\"fas fa-arrow-right\"><\/i>\n            <\/div>\n          <\/div>\n          <\/div>\n      <\/div>      \n      <div class=\"project-list-single--thumbnail\">\n          <img decoding=\"async\" \n          src=\"https:\/\/modernbranding.net\/wp-content\/uploads\/2020\/11\/Adsiz-tasarim-3.png\" \n          alt=\"\">\n      <\/div>\n  <\/div>\n<\/a><a href=\"https:\/\/modernbranding.net\/?project=new-digital-ecommernce-app-3\" class=\"project-list-single--wrapper\">\n  <div class=\"project-list-single\">\n      <div class=\"project-list-single--content\">\n          <div class=\"project-list-single--content-inner\">\n                              <div class=\"project-single-service project-single-service-1\">\n              <h3>Markalama<\/h3>\n          <\/div>\n                    <h2>S\u00fcrd\u00fcr\u00fclebilir \u0130yilik.<\/h2>\n                              <div class=\"project-single-service project-single-service-2 project-single-client\">\n              <h3>\n                            YEN\u0130DEN MARKALAMA              <span>\u2014<\/span>\n                                            Yedi Ba\u015fak                             <\/h3>\n          <\/div>\n                    <div class=\"project-single-button\">\n            <div class=\"project-single-button--inner\">\n              <i class=\"fas fa-arrow-right\"><\/i>\n            <\/div>\n          <\/div>\n          <\/div>\n      <\/div>      \n      <div class=\"project-list-single--thumbnail\">\n          <img decoding=\"async\" \n          src=\"https:\/\/modernbranding.net\/wp-content\/uploads\/2020\/10\/Ekran-Resmi-2025-02-03-18.21.39.png\" \n          alt=\"\">\n      <\/div>\n  <\/div>\n<\/a><a href=\"https:\/\/modernbranding.net\/?project=sleep-therapy-product-3\" class=\"project-list-single--wrapper\">\n  <div class=\"project-list-single\">\n      <div class=\"project-list-single--content\">\n          <div class=\"project-list-single--content-inner\">\n                              <div class=\"project-single-service project-single-service-1\">\n              <h3>Markalama<\/h3>\n          <\/div>\n                    <h2>Hayat Senin Duvar\u0131n, Boya!<\/h2>\n                              <div class=\"project-single-service project-single-service-2 project-single-client\">\n              <h3>\n                            YEN\u0130DEN MARKALAMA              <span>\u2014<\/span>\n                                            Color Cool                            <\/h3>\n          <\/div>\n                    <div class=\"project-single-button\">\n            <div class=\"project-single-button--inner\">\n              <i class=\"fas fa-arrow-right\"><\/i>\n            <\/div>\n          <\/div>\n          <\/div>\n      <\/div>      \n      <div class=\"project-list-single--thumbnail\">\n          <img decoding=\"async\" \n          src=\"https:\/\/modernbranding.net\/wp-content\/uploads\/2020\/09\/Ekran-Resmi-2025-02-03-19.03.14.png\" \n          alt=\"\">\n      <\/div>\n  <\/div>\n<\/a><a href=\"https:\/\/modernbranding.net\/?project=grocery-website\" class=\"project-list-single--wrapper\">\n  <div class=\"project-list-single\">\n      <div class=\"project-list-single--content\">\n          <div class=\"project-list-single--content-inner\">\n                              <div class=\"project-single-service project-single-service-1\">\n              <h3>Markalama<\/h3>\n          <\/div>\n                    <h2>Mutluluk Burada G\u00fcvende.<\/h2>\n                              <div class=\"project-single-service project-single-service-2 project-single-client\">\n              <h3>\n                            MARKALAMA              <span>\u2014<\/span>\n                                            MBG \u0130n\u015faat                            <\/h3>\n          <\/div>\n                    <div class=\"project-single-button\">\n            <div class=\"project-single-button--inner\">\n              <i class=\"fas fa-arrow-right\"><\/i>\n            <\/div>\n          <\/div>\n          <\/div>\n      <\/div>      \n      <div class=\"project-list-single--thumbnail\">\n          <img decoding=\"async\" \n          src=\"https:\/\/modernbranding.net\/wp-content\/uploads\/2020\/08\/ser.jpg\" \n          alt=\"\">\n      <\/div>\n  <\/div>\n<\/a>             \r\n    <\/div>\r\n        \t\t\t\t<\/div>\n\t\t\t\t<\/div>\n\t\t\t\t\t<\/div>\n\t\t<\/div>\n\t\t\t\t\t<\/div>\n\t\t<\/div>\n\t\t\t\t<div class=\"elementor-section elementor-top-section elementor-element elementor-element-b2f98a8 background-section elementor-section-boxed elementor-section-height-default elementor-section-height-default\" data-id=\"b2f98a8\" data-element_type=\"section\" data-settings=\"{&quot;background_background&quot;:&quot;classic&quot;}\">\n\t\t\t\t\t\t<div class=\"elementor-container elementor-column-gap-no\">\n\t\t\t\t\t<div class=\"elementor-column elementor-col-100 elementor-top-column elementor-element elementor-element-01b3165\" data-id=\"01b3165\" data-element_type=\"column\">\n\t\t\t<div class=\"elementor-widget-wrap elementor-element-populated\">\n\t\t\t\t\t\t<div class=\"elementor-element elementor-element-e40876f elementor-widget__width-auto elementor-widget elementor-widget-testimonial_slope\" data-id=\"e40876f\" data-element_type=\"widget\" data-widget_type=\"testimonial_slope.default\">\n\t\t\t\t<div class=\"elementor-widget-container\">\n\t\t\t\t\t    <div class=\"testimonial-slider\">\r\n      <div class=\"swiper-container slider-e40876f\">\r\n        <div class=\"swiper-wrapper\">\r\n                      <div class=\"swiper-slide testimonial-slide\">\r\n              <div class=\"testimonial-image\">\r\n                <img decoding=\"async\" src=\"https:\/\/modernbranding.net\/wp-content\/uploads\/2024\/07\/ebubekir_yigit.png\" title=\"ebubekir_yig\u0306it\" alt=\"ebubekir_yig\u0306it\" loading=\"lazy\" \/>              <\/div>\r\n              <div class=\"testimonial-content\">\r\n                <div>\r\n                  <span>\u201c<\/span>\r\n                    55 y\u0131ll\u0131k markam\u0131z i\u00e7in do\u011fru bir kimlik ve ki\u015filik kazand\u0131ran yeniden markalama \u00e7al\u0131\u015fmas\u0131 biz marka sahipleri i\u00e7in de zevkli ve ufuk a\u00e7\u0131c\u0131 bir s\u00fcre\u00e7ti. Murat Muhallebi as\u0131rl\u0131k markalar liginde yerini almaya haz\u0131rlan\u0131rken g\u00fczel bir birliktelik oldu.                    <span>\u201d<\/span>\r\n                <\/div>\r\n                <h3>Ebubekir Yi\u011fit<\/h3>\r\n                <h4>Murat Muhallebi<\/h4>\r\n              <\/div>\r\n            <\/div>\r\n                      <div class=\"swiper-slide testimonial-slide\">\r\n              <div class=\"testimonial-image\">\r\n                <img decoding=\"async\" src=\"https:\/\/modernbranding.net\/wp-content\/uploads\/2024\/07\/murat_turan.png\" title=\"murat_turan\" alt=\"murat_turan\" loading=\"lazy\" \/>              <\/div>\r\n              <div class=\"testimonial-content\">\r\n                <div>\r\n                  <span>\u201c<\/span>\r\n                    \u0130leti\u015fimin \u00f6nemli oldu\u011fu bir sekt\u00f6rde yeni markam\u0131z\u0131n do\u011fru bir \u015fekilde do\u011fmas\u0131 i\u00e7in ger\u00e7ekten uzman bir ekiple \u00e7al\u0131\u015fmaya karar verdik, iyi ki de \u00f6yle yapm\u0131\u015f\u0131z. Hem yarat\u0131c\u0131l\u0131k hem de teknik anlam\u0131nda beklentilerimizin kar\u015f\u0131land\u0131\u011f\u0131 bir \u00e7al\u0131\u015fma oldu.                    <span>\u201d<\/span>\r\n                <\/div>\r\n                <h3>Murat Turan <\/h3>\r\n                <h4>MBG \u0130n\u015faat<\/h4>\r\n              <\/div>\r\n            <\/div>\r\n                      <div class=\"swiper-slide testimonial-slide\">\r\n              <div class=\"testimonial-image\">\r\n                <img decoding=\"async\" src=\"https:\/\/modernbranding.net\/wp-content\/uploads\/2024\/07\/mustafa_bulut.png\" title=\"mustafa_bulut\" alt=\"mustafa_bulut\" loading=\"lazy\" \/>              <\/div>\r\n              <div class=\"testimonial-content\">\r\n                <div>\r\n                  <span>\u201c<\/span>\r\n                    B\u00fcy\u00fcyen markam\u0131z\u0131n yeni bir kimli\u011fe ihtiyac\u0131 vard\u0131. Uzun ve keyifli bir \u00e7al\u0131\u015fma d\u00f6neminin ard\u0131ndan \u00f6n\u00fcm\u00fcze konulan Kurumsal Kimlik K\u0131lavuzu i\u00e7imize sinen ve uzun y\u0131llar kurumumuza yol g\u00f6sterici olacak bir \u00fcr\u00fcn oldu. Emekleriniz i\u00e7in te\u015fekk\u00fcrler.                    <span>\u201d<\/span>\r\n                <\/div>\r\n                <h3>Mustafa Bulut<\/h3>\r\n                <h4>Yedi Ba\u015fak \u0130nsani Yard\u0131m Derne\u011fi<\/h4>\r\n              <\/div>\r\n            <\/div>\r\n                  <\/div>\r\n      <\/div>\r\n      <div class=\"slider--nav slider--nav-e40876f\">\r\n                <div class=\"slider--nav-prev\">\r\n          <svg aria-hidden=\"true\" class=\"e-font-icon-svg e-fas-arrow-left\" viewBox=\"0 0 448 512\" xmlns=\"http:\/\/www.w3.org\/2000\/svg\"><path d=\"M257.5 445.1l-22.2 22.2c-9.4 9.4-24.6 9.4-33.9 0L7 273c-9.4-9.4-9.4-24.6 0-33.9L201.4 44.7c9.4-9.4 24.6-9.4 33.9 0l22.2 22.2c9.5 9.5 9.3 25-.4 34.3L136.6 216H424c13.3 0 24 10.7 24 24v32c0 13.3-10.7 24-24 24H136.6l120.5 114.8c9.8 9.3 10 24.8.4 34.3z\"><\/path><\/svg>        <\/div>\r\n                <h6 class=\"slider--nav-numbers slider--nav-numbers-e40876f\">00 \/ 00<\/h6>\r\n                <div class=\"slider--nav-next\">\r\n          <svg aria-hidden=\"true\" class=\"e-font-icon-svg e-fas-arrow-right\" viewBox=\"0 0 448 512\" xmlns=\"http:\/\/www.w3.org\/2000\/svg\"><path d=\"M190.5 66.9l22.2-22.2c9.4-9.4 24.6-9.4 33.9 0L441 239c9.4 9.4 9.4 24.6 0 33.9L246.6 467.3c-9.4 9.4-24.6 9.4-33.9 0l-22.2-22.2c-9.5-9.5-9.3-25 .4-34.3L311.4 296H24c-13.3 0-24-10.7-24-24v-32c0-13.3 10.7-24 24-24h287.4L190.9 101.2c-9.8-9.3-10-24.8-.4-34.3z\"><\/path><\/svg>        <\/div>\r\n              <\/div>\r\n    <\/div>\r\n        <script>\r\n        (function($) {\r\n            \"use strict\";\r\n            $(window).on('load', function() {\r\n                let optionse40876f = {\"speed\":2000,\"slidesPerView\":1,\"spaceBetween\":0,\"breakpoints\":{\"1024\":{\"spaceBetween\":30,\"slidesPerView\":1},\"0\":{\"spaceBetween\":20,\"slidesPerView\":1}},\"autoplay\":{\"delay\":2000},\"navigation\":{\"nextEl\":\".slider--nav-e40876f .slider--nav-next\",\"prevEl\":\".slider--nav-e40876f .slider--nav-prev\"}};\r\n                \r\n                if (true) {\r\n                    optionse40876f['runCallbacksOnInit'] = true;\r\n                    optionse40876f['init'] = false;\r\n                }\r\n                let swipere40876f = new Swiper('.slider-e40876f', optionse40876f);\r\n                if (true) {\r\n                    swipere40876f.on('init', function(){ \r\n                        let offer = $(\".slider--nav-numbers-e40876f\");\r\n                        if (swipere40876f.slides.length < 10) {\r\n                            offer.html('0' + (swipere40876f.activeIndex +  1) + ' \/ ' + '0' + swipere40876f.slides.length); \r\n                        } else {\r\n                            offer.html((swipere40876f.activeIndex +  1) + ' \/ ' + swipere40876f.slides.length); \r\n                        }\r\n                    });\r\n                    swipere40876f.on('transitionEnd', function(){ \r\n                        let offer = $(\".slider--nav-numbers-e40876f\");\r\n                        if (swipere40876f.slides.length < 10) {\r\n                            offer.html('0' + (swipere40876f.activeIndex +  1) + ' \/ ' + '0' + swipere40876f.slides.length); \r\n                        } else {\r\n                            offer.html((swipere40876f.activeIndex +  1) + ' \/ ' + swipere40876f.slides.length); \r\n                        }\r\n                    });\r\n                    swipere40876f.init();\r\n                }\r\n                \r\n            });\r\n        })(jQuery);\r\n    <\/script>\r\n\t\t\t\t<\/div>\n\t\t\t\t<\/div>\n\t\t\t\t<div class=\"elementor-element elementor-element-566bc74 elementor-widget__width-inherit elementor-absolute elementor-hidden-tablet elementor-hidden-phone elementor-widget elementor-widget-image\" data-id=\"566bc74\" data-element_type=\"widget\" data-settings=\"{&quot;_position&quot;:&quot;absolute&quot;}\" data-widget_type=\"image.default\">\n\t\t\t\t<div class=\"elementor-widget-container\">\n\t\t\t\t\t\t\t\t\t\t\t\t\t\t\t<img decoding=\"async\" src=\"http:\/\/gfxpartner.com\/slope\/wp-content\/uploads\/2020\/11\/art_2.png\" title=\"\" alt=\"\" loading=\"lazy\" \/>\t\t\t\t\t\t\t\t\t\t\t\t\t\t\t<\/div>\n\t\t\t\t<\/div>\n\t\t\t\t\t<\/div>\n\t\t<\/div>\n\t\t\t\t\t<\/div>\n\t\t<\/div>\n\t\t\t\t<div class=\"elementor-section elementor-top-section elementor-element elementor-element-8592ac7 elementor-section-full_width background-section elementor-section-height-default elementor-section-height-default\" data-id=\"8592ac7\" data-element_type=\"section\" data-settings=\"{&quot;background_background&quot;:&quot;classic&quot;}\">\n\t\t\t\t\t\t<div class=\"elementor-container elementor-column-gap-no\">\n\t\t\t\t\t<div class=\"elementor-column elementor-col-100 elementor-top-column elementor-element elementor-element-c367f8a\" data-id=\"c367f8a\" data-element_type=\"column\">\n\t\t\t<div class=\"elementor-widget-wrap elementor-element-populated\">\n\t\t\t\t\t\t<div class=\"elementor-section elementor-inner-section elementor-element elementor-element-9fab3fb elementor-section-content-middle elementor-section-boxed elementor-section-height-default elementor-section-height-default\" data-id=\"9fab3fb\" data-element_type=\"section\">\n\t\t\t\t\t\t<div class=\"elementor-container elementor-column-gap-default\">\n\t\t\t\t\t<div class=\"elementor-column elementor-col-50 elementor-inner-column elementor-element elementor-element-85a6fbb\" data-id=\"85a6fbb\" data-element_type=\"column\">\n\t\t\t<div class=\"elementor-widget-wrap elementor-element-populated\">\n\t\t\t\t\t\t<div class=\"elementor-element elementor-element-a9f2856 elementor-widget elementor-widget-heading_slope\" data-id=\"a9f2856\" data-element_type=\"widget\" data-widget_type=\"heading_slope.default\">\n\t\t\t\t<div class=\"elementor-widget-container\">\n\t\t\t\t\t    <div class=\"heading heading-large dark-1 \">\r\n      <p>Bir fikriniz mi var?<\/p><p>Haydi yapal\u0131m!<\/p>    <\/div>\r\n    \t\t\t\t<\/div>\n\t\t\t\t<\/div>\n\t\t\t\t\t<\/div>\n\t\t<\/div>\n\t\t\t\t<div class=\"elementor-column elementor-col-50 elementor-inner-column elementor-element elementor-element-ea64138\" data-id=\"ea64138\" data-element_type=\"column\">\n\t\t\t<div class=\"elementor-widget-wrap elementor-element-populated\">\n\t\t\t\t\t\t<div class=\"elementor-element elementor-element-316ec4e elementor-widget elementor-widget-button_slope\" data-id=\"316ec4e\" data-element_type=\"widget\" data-widget_type=\"button_slope.default\">\n\t\t\t\t<div class=\"elementor-widget-container\">\n\t\t\t\t\t    <a\r\n    class=\"button\"\r\n     href=https:\/\/modernbranding.net\/?page_id=430            >\r\n      Birlikte Markalayal\u0131m!    <\/a>\r\n    \t\t\t\t<\/div>\n\t\t\t\t<\/div>\n\t\t\t\t\t<\/div>\n\t\t<\/div>\n\t\t\t\t\t<\/div>\n\t\t<\/div>\n\t\t\t\t<div class=\"elementor-element elementor-element-a49392f elementor-widget__width-inherit elementor-absolute elementor-hidden-tablet elementor-hidden-phone elementor-widget elementor-widget-image\" data-id=\"a49392f\" data-element_type=\"widget\" data-settings=\"{&quot;_position&quot;:&quot;absolute&quot;}\" data-widget_type=\"image.default\">\n\t\t\t\t<div class=\"elementor-widget-container\">\n\t\t\t\t\t\t\t\t\t\t\t\t\t\t\t<img fetchpriority=\"high\" decoding=\"async\" width=\"393\" height=\"452\" src=\"https:\/\/modernbranding.net\/wp-content\/uploads\/2020\/11\/art_3-1-1-2.png\" class=\"attachment-full size-full wp-image-1033\" alt=\"\" srcset=\"https:\/\/modernbranding.net\/wp-content\/uploads\/2020\/11\/art_3-1-1-2.png 393w, https:\/\/modernbranding.net\/wp-content\/uploads\/2020\/11\/art_3-1-1-2-261x300.png 261w\" sizes=\"(max-width: 393px) 100vw, 393px\" \/>\t\t\t\t\t\t\t\t\t\t\t\t\t\t\t<\/div>\n\t\t\t\t<\/div>\n\t\t\t\t\t<\/div>\n\t\t<\/div>\n\t\t\t\t\t<\/div>\n\t\t<\/div>\n\t\t\t\t<\/div>\n\t\t","protected":false},"excerpt":{"rendered":"<p>Markalad\u0131klar\u0131m\u0131z \u00d6ncelikle sizi dinliyoruz. Rekabet \u00e7er\u00e7evesini do\u011fru belirlemek i\u00e7in sizi, rakiplerinizi ve hedef kitlenizi iyi anlamal\u0131y\u0131z. Burada kritik&#8230;<\/p>\n","protected":false},"author":1,"featured_media":0,"parent":0,"menu_order":0,"comment_status":"closed","ping_status":"closed","template":"","meta":{"_acf_changed":false,"footnotes":""},"class_list":["post-509","page","type-page","status-publish","hentry"],"acf":[],"_links":{"self":[{"href":"https:\/\/modernbranding.net\/index.php?rest_route=\/wp\/v2\/pages\/509","targetHints":{"allow":["GET"]}}],"collection":[{"href":"https:\/\/modernbranding.net\/index.php?rest_route=\/wp\/v2\/pages"}],"about":[{"href":"https:\/\/modernbranding.net\/index.php?rest_route=\/wp\/v2\/types\/page"}],"author":[{"embeddable":true,"href":"https:\/\/modernbranding.net\/index.php?rest_route=\/wp\/v2\/users\/1"}],"replies":[{"embeddable":true,"href":"https:\/\/modernbranding.net\/index.php?rest_route=%2Fwp%2Fv2%2Fcomments&post=509"}],"version-history":[{"count":12,"href":"https:\/\/modernbranding.net\/index.php?rest_route=\/wp\/v2\/pages\/509\/revisions"}],"predecessor-version":[{"id":5127,"href":"https:\/\/modernbranding.net\/index.php?rest_route=\/wp\/v2\/pages\/509\/revisions\/5127"}],"wp:attachment":[{"href":"https:\/\/modernbranding.net\/index.php?rest_route=%2Fwp%2Fv2%2Fmedia&parent=509"}],"curies":[{"name":"wp","href":"https:\/\/api.w.org\/{rel}","templated":true}]}}